 + 0 - 8. Give c(-8).
8
Let z(y) = -y**3 - 8*y**2 - 7*y + 5. Let n be z(-7). Suppose n*r - r + 20 = 0. Let a = 4 + r. Let s(w) = -15*w**2 + 1. Calculate s(a).
-14
Let a(x) be the first derivative of -x**3/3 + 7*x**2/2 - 2*x - 9. Calculate a(5).
8
Let a = -15 - -19. Let t(f) = -f**2 + 6*f - 3. Determine t(a).
5
Let d(m) be the third derivative of m**5/60 - 5*m**4/24 + 5*m**3/6 - 17*m**2. Give d(4).
1
Let z(l) = -l**2 - 6 - 2*l + 3 - 2 + 7*l. Let f be z(5). Let r(c) be the second derivative of -c**5/20 - 5*c**4/12 + 3*c**2 + c. Calculate r(f).
6
Let j(u) = -u**2 + 12*u - 12. Let f be j(11). Let d(z) = -1. Let m(g) = -g - 3. Let q(b) = f*m(b) + 6*d(b). Let y be -1 - (2 - 3)*4. What is q(y)?
0
Let x(n) = -4*n**3 - n**2 + n - 1. Suppose -5*j + 2 = -3. What is x(j)?
-5
Let a be (-8)/24*(-6)/(-4)*2. Let d(k) = 0*k + 2*k - 1 + 0 + 3*k. Give d(a).
-6
Let k(c) be the second derivative of 7*c**5/20 + c**3/3 - c**2/2 - c. Let b = -1 + 1. Suppose b = 2*h - 3*z + 2 - 1, -2*z = -2*h. What is k(h)?
8
Let z(d) = -d**3 + 3*d**2 + 3. Let i = -34 - -37. Determine z(i).
3
Let k(i) = i**3 - 2*i**2 - 3*i - 1. Suppose 0 = 4*j - 13 - 15. Let a be (-3)/j + (-120)/(-35). Give k(a).
-1
Let y = 6 - 4. Let v(a) = -1 + 3 - y*a + a. Let p(w) = w**2 - 7*w. Let d be p(7). What is v(d)?
2
Suppose 5*g = 3*n + 3, -2*g = -4*n - 4*g - 30. Let u(v) = v + 3. Let b(p) = 5*p + 14. Let d(h) = -2*b(h) + 11*u(h). Calculate d(n).
-1
Let y(b) = 3*b - 4. Let k be 8/28 - (-12)/7. Suppose 0 = m - 4*j - 8, k*m - 2*j = 3*m - 2. Determine y(m).
8
Let r = -10 - -15. Suppose -2*h + 2*n = -2, -2*h = -n + r - 2. Let l(j) be the second derivative of -j**4/12 - 7*j**3/6 - 3*j**2 + 2*j. Calculate l(h).
6
Let p = 5 + 3. Let v = p - 5. Let r(j) = -j**3 + j**2 + 4*j - 1. Calculate r(v).
-7
Let b(o) = -o**3 + 8*o**2 - 5*o. Let a be b(7). Suppose -4*u - 12 + 28 = 4*q, -5*q + a = 4*u. Let v(w) = u - 4*w + 2*w - w. Give v(4).
-6
Let g(a) = 51*a - 1 - 54*a - 5. What is g(-6)?
12
Let u be ((-10)/(-15))/(10/(-15)). Let q(d) = -d**3 - d**2 - 2*d - 1. Determine q(u).
1
Let x(j) = -6*j - 19. Let f be x(-3). Let a(v) = -17*v**3 - v**2 + v + 1. Determine a(f).
16
Let c = 3 - -2. Suppose 0*y - c = y. Let f(d) = 15*d**2 + 23*d + 7. Let n(o) = -7*o**2 - 11*o - 3. Let h(w) = 6*f(w) + 13*n(w). What is h(y)?
3
Let j be ((-12)/(9/3))/(-1). Let v(s) = -3*s - 3 - j + s + s. Calculate v(-6).
-1
Let q = -11 - -5. Let z(o) = -o - 3. Let k be z(q). Let r(d) = -d. Give r(k).
-3
Let c(q) = 2*q - 11. Let s be c(10). Let f(r) = 0*r**2 - 14*r - r**2 + s*r - 3. Give f(-5).
-3
Suppose 0 = -2*k + 4*k - 5*i + 23, -3*k + 4*i - 24 = 0. Let t(v) be the second derivative of 5*v + 1/4*v**4 + 5/2*v**2 + 1/20*v**5 - 1/2*v**3 + 0. What is t(k)?
1
Let n(m) be the second derivative of -m**3/6 - 6*m**2 - 9*m. Give n(0).
-12
Let k be (-3)/((-9)/15) + -3. Let u be 6/(-9)*3/(-2). Let l(w) = u - k*w + 1 + 2 - w**2. Calculate l(-4).
-4
Let b(q) = -3*q**2 - 2*q - 1. Let m(f) = -f**3 + 21. Let v be m(0). Let s = v + -22. Calculate b(s).
-2
Let q be (-1)/(2 - 15/6). Let r(h) = -4*h**2 - 1 + q - 8*h + 6*h. Let a(k) = k**2. Let z(p) = 5*a(p) + r(p). What is z(4)?
9
Let x(a) be the third derivative of 1/3*a**3 + a**2 + 0*a - 1/24*a**4 + 0. Give x(0).
2
Let g be 3/15 - 38/(-10). Let v(k) = 3*k + 8. Let s(w) = -7*w - 17. Let c = -12 - -21. Let t(b) = c*v(b) + g*s(b). Give t(4).
0
Suppose 0*j = -2*j. Suppose 0 = 2*g + 8 + 4. Let d(a) = 7*a**3 - 9. Let k(y) = 6*y**3 - 9. Let i(n) = g*k(n) + 5*d(n). Determine i(j).
9
Suppose 0 = -2*r + 2, -2 = 3*y - 5*r + 15. Let l = -2 - -7. Let f(u) = 4*u + 7. Let z(m) = -m - 1. Let h(s) = l*z(s) + f(s). Calculate h(y).
6
Let p be (36/(-16))/(12/(-32)). Let b(q) = 7 + 2*q**2 + 4*q**2 - p - q**2. What is b(-1)?
6
Let s(p) = p**3 + 1. Let u = -9 - -9. Suppose u*l - l = 1. Determine s(l).
0
Suppose 0 = -127*h + 130*h - 3. Let w(b) = -b + 2. What is w(h)?
1
Let b(h) = -h**2 - h. Let u(s) = -4*s**2 - 2*s - 1. Let a(c) = -2*b(c) + u(c). Give a(-1).
-3
Suppose 0 = 2*w - 3*r - 15, -2*w + 4*w = 4*r + 16. Let d(x) = -x**3 + 7*x**2 - 5*x - 5. Determine d(w).
1
Let j(f) = -f**2 + 9*f - 3. Suppose 8*q = 65 - 1. Calculate j(q).
5
Let l be (-12)/5*80/(-32). Let a(f) = f**2 - 5*f - 6. Let s(b) = b**2 - 5*b - 5. Let r(t) = -4*a(t) + 5*s(t). Calculate r(l).
5
Let x = 38 - 40. Let q(d) = d**3 + 2*d**2 + 3*d. Give q(x).
-6
Let x = 11 + -14. Let g(z) = -4*z + 2. Give g(x).
14
Suppose 6 = -3*m + 5*m. Suppose -4*q - 12 = -0*u + 4*u, m*q + 13 = -u. Suppose b = -u*b - 3. Let h(d) = -5*d. What is h(b)?
5
Suppose 2 = 6*z + 14. Let k(p) = -p**3 - 2*p**2 - 3*p - 1. What is k(z)?
5
Let y be (-24)/(-16) - 2/4. Let g(j) = -10*j**2 - j. Calculate g(y).
-11
Let d(p) = -2*p - 20*p**2 - 1 - 3*p**3 - 4*p + 2*p**3 + 15*p**2. What is d(-4)?
7
Let y = 104 - 95. Let t(q) = q**3 - 9*q**2 - 2*q + 10. Give t(y).
-8
Let a(m) = m**2 - 1. Let u(c) = -c - 4. Let q be u(-4). Suppose q*k + r + 6 = 2*k, -4*r = 5*k + 11. Determine a(k).
0
Let y be -6 + (4 - (-1 + 3)). Let t = 7 + y. Let x(v) = 2*v**2 - v**3 + 0*v**2 + 0*v**t - 2*v. Determine x(2).
-4
Let s = -8 + -1. Let c = s + 7. Let n(d) = 6*d + 2. Calculate n(c).
-10
Let g(k) = 5*k + 1. Let t(z) = -4*z. Let l(x) = -2*g(x) - 3*t(x). Calculate l(3).
4
Let y be -4*3/(-24)*2. Let k(s) be the second derivative of -7*s**5/20 + s**4/12 - s**3/3 + s**2/2 + s. What is k(y)?
-7
Let q(f) be the second derivative of -f**5/20 + f**4 - 2*f**3 + 11*f**2/2 + 25*f. Calculate q(11).
0
Suppose -4*b + j = 22, 4*j = -3*b - 1 - 6. Let l(o) = 3*o - 6*o - 1 + o - o. What is l(b)?
14
Let x(i) = 4*i + 77*i**3 + 79*i**3 - 155*i**3 - 4*i**2. Determine x(3).
3
Let w(f) = -2*f**2 + 70 + 3*f**2 - 48. What is w(0)?
22
Let h = -6 - -3. Let w(q) be the first derivative of q**5/20 + q**4/4 + 3*q**2/2 - q - 3. Let u(d) be the first derivative of w(d). What is u(h)?
3
Let x(z) = -9*z - z - 1 + 2*z. Suppose 2*w + 4 = 3*a + 5, 2*w = 4*a. Calculate x(a).
-9
Let u(q) = 6 - 2*q + 3*q - 3. Let j(n) = n**2 - 1 + 4*n**2 + 2*n + 2 - 9*n**2 + n**3. Let d be j(2). Determine u(d).
0
Let s(i) be the second derivative of -i**5/20 + i**4/6 + i**3/6 - i**2/2 + 6*i + 4. What is s(-2)?
13
Let n = 13 - 10. Let a(v) = 3 + 6*v - 3*v - 3*v - n*v. What is a(2)?
-3
Let t(b) be the third derivative of b**4/12 + b**3/2 - 3*b**2. Give t(6).
15
Let c(k) = -4*k - 5 + 5 - 3 + 4. Calculate c(-1).
5
Let l(a) be the first derivative of a**3/3 - 4*a**2 + 8*a - 14. Determine l(6).
-4
Suppose 2*g - 6 = -g. Let b(c) = -c**2 + c**2 + 2 - g*c + c**2. Let y be (-4)/(-4 + (7 - 4)) - 2. Give b(y).
2
Let n(s) = 13 - 6 - 2*s - 2*s - 4. What is n(3)?
-9
Suppose 0*w - 3*s - 11 = -4*w, 0 = -5*w + s + 11. Let f(p) be the second derivative of w*p + 3/2*p**2 + 1/6*p**3 + 0. Calculate f(0).
3
Let y(k) = 1 + k**3 + 6 - 1 - 4*k - 3 + 4*k**2. Let b be 27/(-6) - (-1)/(-2). Calculate y(b).
-2
Let g(l) = 0*l + 1 + 2*l - 4*l. Let b be ((-6)/(-9))/((-6)/(-9)). Let i be -5*b/1 - -3. Calculate g(i).
5
Let o(z) be the third derivative of z**6/120 + z**5/15 - 5*z**4/12 - 7*z**3/6 + 11*z**2. Calculate o(-6).
-19
Let s(o) = -o**3 + 4*o - 3. Let w be s(2). Let n(h) = -h - 3. Determine n(w).
0
Let p(d) be the second derivative of -d**4/12 - 5*d**3/6 - d**2/2 + 2*d. Calculate p(-4).
3
Let o = -47 - -38. Let p(q) = q**3 + 8*q**2 - 11*q - 9. Give p(o).
9
Suppose -5*a + 9*a = 16. Suppose -4*l - 8 = a*q, q + q = 4*l - 10. Let h(u) = 3*u + 1. Determine h(l).
4
Suppose -20 = 5*w, -5*v + w = -8 - 6. Let n(r) = -5*r + 2 + r**3 - 2*r**2 - v*r + 4*r. Let j = -9 + 12. Give n(j).
2
Let c(r) = 2*r + 1 - r - 2*r. Let x(w) = w - 19. Let i(a) = a - 9. Let k(s) = 13*i(s) - 6*x(s). Let v(z) = 2*c(z) + k(z). Calculate v(-1).
-6
Let j(m) = -10*m + 9. Let v(z) = 19*z - 17. Let s(u) = -11*j(u) - 6*v(u). Give s(4).
-13
Let s(d) be the first derivative of -3 + 1/3*d**3 - 1/2*d**2 + d - 7/4*d**4. Calculate s(1).
-6
Let f(i) = i**2 + 3*i + 3. Let k be f(-2). Let w(d) be the second derivative of d**3/3 + d**2/2 + 2*d. Calculate w(k).
3
Let y(i) be the second derivative of -i**4/4 - i**3/3 - i**2/2 + 26*i. What is y(-1)?
-2
Let k(n) = 5*n**3 - 2*n**2 + 3*n - 12. Let z(v) = -4*v**3 + v**2 - 3*v + 11. Let f(p) = 5*k(p) + 6*z(p). Suppose 5 = s - 4. Let y = -5 + s. Determine f(y).
-6
Suppose -3*v + 15 = 0, -2*l + 3*v = 6*v - 5. Let s(g) be the first derivat